e number?
False
Is 33813282101 a prime number?
True
Is 7975507769 a composite number?
True
Is 8748570599 composite?
False
Is 2004758213 a composite number?
False
Is 11060579531 a composite number?
True
Is 299561831 a composite number?
True
Is 448814851 prime?
True
Is 10202662043 composite?
True
Is 33663211 composite?
True
Is 5056355 composite?
True
Is 1222106401 a prime number?
False
Is 233514977 prime?
True
Is 129074797 prime?
True
Is 25196781095 a prime number?
False
Is 138827317 composite?
False
Is 12164407 composite?
True
Is 5961536551 prime?
False
Is 1947462661 a composite number?
True
Is 2446080449 prime?
False
Is 120563837099 a prime number?
True
Is 1780977449 a composite number?
True
Is 8909609 a prime number?
True
Is 27498823393 a composite number?
True
Is 4904694923 a prime number?
False
Is 117572218 composite?
True
Is 408196237 a composite number?
True
Is 423183763 prime?
False
Is 2943458717 a prime number?
False
Is 51056909 prime?
False
Is 288679529 composite?
False
Is 2746847953 prime?
True
Is 3539565902 a prime number?
False
Is 73571251049 composite?
True
Is 9779193997 a prime number?
True
Is 53025861157 prime?
False
Is 46619743447 a prime number?
True
Is 1327993 a composite number?
True
Is 807213833 a composite number?
False
Is 15059990797 a composite number?
False
Is 20151595837 a composite number?
False
Is 1335572891 a composite number?
False
Is 1062389761 a prime number?
True
Is 20475181 a composite number?
True
Is 12795329527 composite?
False
Is 2714634393 composite?
True
Is 4139191691 a prime number?
True
Is 4831937257 a prime number?
False
Is 4998461191 a prime number?
True
Is 116614062533 prime?
True
Is 75087420589 a prime number?
True
Is 8332481309 prime?
True
Is 40919553539 prime?
True
Is 7118896973 composite?
True
Is 136653277 composite?
False
Is 202594241 a prime number?
True
Is 4641982973 a prime number?
True
Is 2224521851 composite?
False
Is 1178310883 a composite number?
True
Is 265225413381 prime?
False
Is 15853213291 a prime number?
True
Is 14461882583 prime?
False
Is 15228041183 a prime number?
True
Is 367908637 a composite number?
False
Is 4232401163 a composite number?
True
Is 1235985447 a composite number?
True
Is 5817146123 prime?
False
Is 383859781 a prime number?
True
Is 219584401 a composite number?
False
Is 228538363 prime?
False
Is 1309749647 composite?
False
Is 32104148957 composite?
False
Is 169488577 a composite number?
True
Is 7263899147 a composite number?
True
Is 326198480389 a prime number?
True
Is 164395375063 composite?
True
Is 3777436931 a composite number?
False
Is 8028556439 a composite number?
False
Is 6629853239 prime?
False
Is 2957159581 prime?
True
Is 750491653 prime?
True
Is 1581124141 composite?
False
Is 6715654877 prime?
False
Is 863161261 a composite number?
False
Is 2561159 a prime number?
True
Is 7468955335 a prime number?
False
Is 1913653117 a composite number?
False
Is 3354723089 prime?
False
Is 36684043151 prime?
False
Is 68827427 composite?
True
Is 440371 a composite number?
False
Is 1004420899 a prime number?
True
Is 13558082197 a prime number?
False
Is 19988611351 a composite number?
False
Is 411073961 a prime number?
False
Is 20551299619 prime?
False
Is 1677187951 a prime number?
False
Is 3585278327 composite?
False
Is 9338595529 prime?
False
Is 12485579921 prime?
True
Is 1096367269 a composite number?
False
Is 3092902159 a prime number?
True
Is 1233566297 a composite number?
False
Is 58140287909 composite?
True
Is 2067624089 composite?
True
Is 3494036041 composite?
True
Is 98811656711 a composite number?
False
Is 968206369 prime?
False
Is 1185887809 prime?
True
Is 43611067 a prime number?
True
Is 41222737709 prime?
True
Is 2252979709 composite?
False
Is 18420575561 a composite number?
False
Is 47282807893 composite?
False
Is 1095791341 a prime number?
False
Is 288363221 a prime number?
True
Is 2975888183 composite?
True
Is 65080234163 a prime number?
False
Is 4909553953 a prime number?
True
Is 65029427 a composite number?
False
Is 12342231127 a composite number?
False
Is 888030574 a prime number?
False
Is 13924113227 a composite number?
False
Is 41053917523 composite?
False
Is 3750510449 a prime number?
False
Is 4546312829 a prime number?
True
Is 34552471 a prime number?
False
Is 3154198321 a prime number?
True
Is 7324489637 a composite number?
False
Is 737115439 a composite number?
True
Is 14085864071 a prime number?
True
Is 42212975335 prime?
False
Is 351015803 prime?
True
Is 903229 composite?
True
Is 155979095 a composite number?
True
Is 6682878553 a prime number?
False
Is 436100161 a composite number?
True
Is 62919375301 composite?
False
Is 2365556059 a prime number?
True
Is 128346521 prime?
True
Is 6644225339 a composite number?
True
Is 2894903711 a composite number?
True
Is 144299358079 a composite number?
False
Is 805160591 a prime number?
True
Is 224352701 prime?
True
Is 5124842711 composite?
False
Is 51832806653 composite?
False
Is 92596979 composite?
True
Is 269293723 composite?
False
Is 715198819 a prime number?
True
Is 122795873 prime?
False
Is 2740533745 composite?
True
Is 297251771 composite?
False
Is 421175231 a composite number?
True
Is 292865533 a prime number?
True
Is 238681607 prime?
False
Is 1403503069 prime?
False
Is 117941443 a prime number?
False
Is 4652840531 prime?
True
Is 169293939203 a composite number?
True
Is 1640453099 a prime number?
True
Is 787118669 composite?
True
Is 144459587 prime?
True
Is 8553151063 a prime number?
True
Is 45058757099 composite?
False
Is 29273251937 composite?
False
Is 61991588653 prime?
True
Is 2538719861 a prime number?
True
Is 1138988023 a prime number?
True
Is 153878479 a composite number?
True
Is 225027031 prime?
True
Is 2792003257 a composite number?
False
Is 131314013 prime?
True
Is 87581673973 a composite number?
False
Is 506517421 a composite number?
True
Is 5016653939 prime?
False
Is 13593406639 prime?
False
Is 19551262937 prime?
False
Is 20843214137 a prime number?
True
Is 91147954747 a composite number?
True
Is 3062230459 a prime number?
True
Is 69595033 a composite number?
True
Is 228827629 a composite number?
False
Is 2000847613 a composite number?
True
Is 53090202118 a composite number?
True
Is 7822193549 composite?
False
Is 60731639131 composite?
True
Is 124799723 a composite number?
False
Is 236190997039 a composite number?
False
Is 37890429313 a prime number?
False
Is 8882563237 a prime number?
False
Is 1853134687 prime?
False
Is 34133730497 a composite number?
True
Is 1125862019 a composite number?
False
Is 60264394139 prime?
False
Is 17120949431 a prime number?
False
Is 5198599969 a prime number?
True
Is 4826805433 prime?
False
Is 7090011247 a composite number?
True
Is 911662627 a composite number?
False
Is 24160500703 a prime number?
True
Is 1881741107 a composite number?
False
Is 296974669 prime?
True
Is 666709397 composite?
True
Is 1248725311 a prime number?
True
Is 7088389943 prime?
False
Is 526124083 composite?
False
Is 29767242733 a composite number?
False
Is 25127835803 a composite number?
True
Is 1183730879 a prime number?
True
Is 323594617 prime?
True
Is 10102508789 a composite number?
True
Is 2718965687 prime?
True
Is 7654064861 composite?
True
Is 714264337 a composite number?
False
Is 3552014339 a composite number?
False
Is 20080636643 a composite number?
False
Is 428011403 a composite number?
False
Is 18476330161 composite?
False
Is 131030723 prime?
True
Is 116911177 prime?
False
Is 6268130903 composite?
False
Is 9037892761 a prime number?
True
Is 95646827 a composite number?
False
Is 4702437361 prime?
False
Is 56331235951 composite?
False
Is 4887481603 composite?
False
Is 53100538663 a prime number?
False
Is 375737533 a prime number?
True
Is 8100200863 a composite number?
False
Is 1111266427 prime?
True
Is 129728891 a prime number?
True
Is 2813614879 prime?
True
Is 9455918159 a composite number?
True
Is 3951990373 a prime number?
False
Is 7907413435 prime?
False
Is 8488373 composite?
True
Is 189303001 prime?
False
Is 65104248037 prime?
True
Is 1117250051 prime?
True
Is 1611263117 composite?
False
Is 101023193 composite?
True
Is 12077384435 a prime number?
False
Is 25943984453 prime?
False
Is 4899159203 prime?
True
Is 4189905497 a composite number?
True
Is 54036250687 composite?
True
